{"id":776,"date":"2018-06-16T20:39:34","date_gmt":"2018-06-16T18:39:34","guid":{"rendered":"https:\/\/lav-naila.de\/?page_id=776"},"modified":"2018-06-16T20:58:31","modified_gmt":"2018-06-16T18:58:31","slug":"datenschutzerklaerung","status":"publish","type":"page","link":"https:\/\/lav-naila.de\/?page_id=776","title":{"rendered":"Datenschutzerkl\u00e4rung"},"content":{"rendered":"<p><strong>Datenschutzrichtlinie Leichtathletikvereinigung Naila <\/strong><strong>(LAV Naila)<\/strong><\/p>\n<p>Seit dem 25. Mai 2018 ist die Datenschutz-Grundverordnung DS-GVO in der Europ\u00e4ischen Union in Kraft. Auch wir als Sportverein unterliegen dieser Verordnung.<\/p>\n<p>Nachfolgend informieren wir Sie \u00fcber die bei der LAV Naila festgelegten Bedingungen im Thema Datenschutz.<\/p>\n<p>Wir weisen darauf hin, dass Daten welche aufgrund rechtlicher Verpflichtungen erhoben werden, nicht dem Widerspruchsrecht unterliegen.<\/p>\n<p>Alles weiter haben wir versucht, einfach und leicht verst\u00e4ndlich formuliert hier darzulegen.<\/p>\n<p><strong>1. Datenverarbeitung \/ Rechtm\u00e4\u00dfigkeit<\/strong><\/p>\n<p style=\"padding-left: 30px;\">Bei der LAV Naila werden personenbezogene Daten (Art. 4 Nr. 1 DS-GVO) im Rahmen der rechtlichen Zul\u00e4ssigkeit, siehe Art. 6 DS-GVO, verarbeitet.<\/p>\n<p style=\"padding-left: 30px;\">Verarbeitungszwecke:<\/p>\n<p style=\"padding-left: 30px;\">&#8211; Mitgliederverwaltung<\/p>\n<p style=\"padding-left: 30px;\">&#8211; Wettkampfteilnahme (Meldungen von Teilnehmern, sportliche Leistungen, usw.)<\/p>\n<p style=\"padding-left: 30px;\">&#8211; Austausch von Wettkampfdaten mit anderen Vereinen, den Dachverb\u00e4nden<\/p>\n<p style=\"padding-left: 30px;\">&#8211; Ver\u00f6ffentlichung von Wettkampfdaten<\/p>\n<p style=\"padding-left: 30px;\">&#8211; Ver\u00f6ffentlichung von Fotoaufnahmen bei Wettk\u00e4mpfen<\/p>\n<p style=\"padding-left: 30px;\">&#8211; Spenden bzw. Spendenaufrufe<\/p>\n<p style=\"padding-left: 30px;\">&#8211; Werbungen f\u00fcr den Verein<\/p>\n<p style=\"padding-left: 30px;\">Grunds\u00e4tzlich haben nur die Personen Zugriff auf die Teile personenbezogener Daten, die f\u00fcr ihre jeweilige Funktion ben\u00f6tigt werden.<\/p>\n<p style=\"padding-left: 30px;\">Ferner werden \u00fcber den Besuch auf der Website statistische Daten im Rahmen der technischen Notwendigkeiten erhoben.<\/p>\n<p style=\"padding-left: 30px;\">Dies erfolgt \u00fcber externe Dienste wie Google Analytics. Diese Nutzung k\u00f6nnen Sie durch entsprechende AdOns blockieren. Ferner haben Sie die M\u00f6glichkeit session-bezogene Cookies selbst in Ihrem Browser zu l\u00f6schen.<\/p>\n<p><strong>2. Speicherdauer der Informationen \/ Informationsweitergabe<\/strong><\/p>\n<p style=\"padding-left: 30px;\">Mitgliederdaten, sowie deren zugeh\u00f6rige Daten werden f\u00fcr die Dauer der Mitgliedschaft f\u00fcr die Vorstandschaft gespeichert.<\/p>\n<p style=\"padding-left: 30px;\">Nach Beendigung der Mitgliedschaft erfolgt die Datenhaltung ausschlie\u00dflich bis zum Ablauf des Gesch\u00e4ftsjahres.<\/p>\n<p style=\"padding-left: 30px;\">Anschlie\u00dfend werden die personenbezogenen Daten gel\u00f6scht \/ vernichtet.<\/p>\n<p style=\"padding-left: 30px;\">Daten von Wettk\u00e4mpfen (Teilnehmerlisten, erzielte Leistungen, Organisationsstatistik, Geb\u00fchrenberechnungen) werden \u00fcber die Software COSA-WIN gespeichert.<\/p>\n<p style=\"padding-left: 30px;\">Die Dauer dieser Speicherung bezieht sich auf den Ablauf des n\u00e4chsten vollen Gesch\u00e4ftsjahres nach dem Wettkampf.<\/p>\n<p style=\"padding-left: 30px;\">Im Internet werden auf den Seiten der Dachverb\u00e4nde (BLV, LADV) &amp; Pressevertreter = Dritte, sowie auf den Seiten der LAV Naila die Wettkampfergebnisse ver\u00f6ffentlicht.<\/p>\n<p style=\"padding-left: 30px;\">Folgende Daten werden dabei an berechtigte Dritte zur Ver\u00f6ffentlichung \u00fcbergeben:<\/p>\n<ul>\n<li>Name, Vorname<\/li>\n<li>Geburtsjahrgang<\/li>\n<li>sportliche Leistungen<\/li>\n<li>Ehrungen<\/li>\n<li>Wettkamport und \u2013zeit<\/li>\n<li>Fotoaufnahmen<\/li>\n<\/ul>\n<p style=\"padding-left: 30px;\">Hierbei handelt es sich um berechtigtes Interesse aufgrund der Vereinst\u00e4tigkeit nach Art. 6 DS-GVO.<\/p>\n<p style=\"padding-left: 30px;\">Seitens der LAV Naila besteht nur die direkte M\u00f6glichkeit der Einflussnahme auf die Ver\u00f6ffentlichungen auf der eigenen Website.<\/p>\n<p><strong>3. Informationen \u00fcber Rechte der Betroffenen<\/strong><\/p>\n<p style=\"padding-left: 30px;\">Jeder Betroffene hat gem\u00e4\u00df Datenschutz-Grundverordnung folgende Rechte:<\/p>\n<p style=\"padding-left: 30px;\">&#8211; das Recht auf Auskunft (Artikel 15 DS-GVO)<\/p>\n<p style=\"padding-left: 30px;\">&#8211; das Recht auf Berichtigung (Art. 16 DS-GVO)<\/p>\n<p style=\"padding-left: 30px;\">&#8211; das Recht auf L\u00f6schung (\u201eRecht auf Vergessen werden\u201c; Artikel 17 DS-GVO)<\/p>\n<p style=\"padding-left: 30px;\">&#8211; das Recht auf Einschr\u00e4nkung der Verarbeitung (Artikel 18 DS-GVO)<\/p>\n<p style=\"padding-left: 30px;\">&#8211; das Recht auf Daten\u00fcbertragbarkeit (Artikel 20 DS-GVO)<\/p>\n<p style=\"padding-left: 30px;\">&#8211; das Widerspruchsrecht (Artikel 21 DS-GVO)<\/p>\n<p style=\"padding-left: 30px;\">&#8211; das Recht auf Schadensersatz (Artikel 82 DS-GVO)<\/p>\n<p><strong><br \/>\n4. Hinweis auf Widerrufsrecht der Einwilligung<\/strong><\/p>\n<p style=\"padding-left: 30px;\">Nach Artikel 21 DS-GVO kann jeder Betroffene seine erteilte Einwilligung auf Datenverarbeitung widerrufen.<\/p>\n<p style=\"padding-left: 30px;\">Davon unber\u00fchrt bleiben jedoch im Rahmen gesetzlicher Verpflichtungen erhobene Daten.<\/p>\n<p><strong><br \/>\n5. Hinweis auf Beschwerderecht bei einer Aufsichtsbeh\u00f6rde<\/strong><\/p>\n<p style=\"padding-left: 30px;\">Jeder Betroffene hat ferner das Recht auf Beschwerde bei einer Aufsichtsbeh\u00f6rde (Artikel 77 DS-GVO)<\/p>\n<p><strong><br \/>\n6. Ansprechpartner \/ Verantwortliche:<\/strong><\/p>\n<p style=\"padding-left: 30px;\">Sollten Sie Fragen bez\u00fcglich des Datenschutzes bei der Leichtathletikvereinigung Naila (LAV NAILA) haben, so k\u00f6nnen Sie sich an folgenden Funktionen wenden:<\/p>\n<p style=\"padding-left: 30px;\">1. Vorstand: Helena Krofta<\/p>\n<p style=\"padding-left: 30px;\">Datenschutzbeauftragter: Markus Muck<\/p>\n","protected":false},"excerpt":{"rendered":"<p>Datenschutzrichtlinie Leichtathletikvereinigung Naila (LAV Naila) Seit dem 25. Mai 2018 ist die Datenschutz-Grundverordnung DS-GVO in der Europ\u00e4ischen Union in Kraft. Auch wir als Sportverein unterliegen dieser Verordnung. Nachfolgend informieren wir Sie \u00fcber die bei der LAV Naila festgelegten Bedingungen im<\/p>\n","protected":false},"author":1,"featured_media":0,"parent":121,"menu_order":0,"comment_status":"closed","ping_status":"closed","template":"","meta":{"inline_featured_image":false,"_mc_calendar":[],"footnotes":""},"class_list":["post-776","page","type-page","status-publish","hentry"],"_links":{"self":[{"href":"https:\/\/lav-naila.de\/index.php?rest_route=\/wp\/v2\/pages\/776","targetHints":{"allow":["GET"]}}],"collection":[{"href":"https:\/\/lav-naila.de\/index.php?rest_route=\/wp\/v2\/pages"}],"about":[{"href":"https:\/\/lav-naila.de\/index.php?rest_route=\/wp\/v2\/types\/page"}],"author":[{"embeddable":true,"href":"https:\/\/lav-naila.de\/index.php?rest_route=\/wp\/v2\/users\/1"}],"replies":[{"embeddable":true,"href":"https:\/\/lav-naila.de\/index.php?rest_route=%2Fwp%2Fv2%2Fcomments&post=776"}],"version-history":[{"count":5,"href":"https:\/\/lav-naila.de\/index.php?rest_route=\/wp\/v2\/pages\/776\/revisions"}],"predecessor-version":[{"id":790,"href":"https:\/\/lav-naila.de\/index.php?rest_route=\/wp\/v2\/pages\/776\/revisions\/790"}],"up":[{"embeddable":true,"href":"https:\/\/lav-naila.de\/index.php?rest_route=\/wp\/v2\/pages\/121"}],"wp:attachment":[{"href":"https:\/\/lav-naila.de\/index.php?rest_route=%2Fwp%2Fv2%2Fmedia&parent=776"}],"curies":[{"name":"wp","href":"https:\/\/api.w.org\/{rel}","templated":true}]}}

Datenschutzerklärung

<p><strong>Datenschutzrichtlinie Leichtathletikvereinigung Naila </strong><strong>(LAV Naila)</strong></p>
<p>Seit dem 25. Mai 2018 ist die Datenschutz-Grundverordnung DS-GVO in der Europäischen Union in Kraft. Auch wir als Sportverein unterliegen dieser Verordnung.</p>
<p>Nachfolgend informieren wir Sie über die bei der LAV Naila festgelegten Bedingungen im Thema Datenschutz.</p>
<p>Wir weisen darauf hin, dass Daten welche aufgrund rechtlicher Verpflichtungen erhoben werden, nicht dem Widerspruchsrecht unterliegen.</p>
<p>Alles weiter haben wir versucht, einfach und leicht verständlich formuliert hier darzulegen.</p>
<p><strong>1. Datenverarbeitung / Rechtmäßigkeit</strong></p>
<p style="padding-left: 30px;">Bei der LAV Naila werden personenbezogene Daten (Art. 4 Nr. 1 DS-GVO) im Rahmen der rechtlichen Zulässigkeit, siehe Art. 6 DS-GVO, verarbeitet.</p>
<p style="padding-left: 30px;">Verarbeitungszwecke:</p>
<p style="padding-left: 30px;">&#8211; Mitgliederverwaltung</p>
<p style="padding-left: 30px;">&#8211; Wettkampfteilnahme (Meldungen von Teilnehmern, sportliche Leistungen, usw.)</p>
<p style="padding-left: 30px;">&#8211; Austausch von Wettkampfdaten mit anderen Vereinen, den Dachverbänden</p>
<p style="padding-left: 30px;">&#8211; Veröffentlichung von Wettkampfdaten</p>
<p style="padding-left: 30px;">&#8211; Veröffentlichung von Fotoaufnahmen bei Wettkämpfen</p>
<p style="padding-left: 30px;">&#8211; Spenden bzw. Spendenaufrufe</p>
<p style="padding-left: 30px;">&#8211; Werbungen für den Verein</p>
<p style="padding-left: 30px;">Grundsätzlich haben nur die Personen Zugriff auf die Teile personenbezogener Daten, die für ihre jeweilige Funktion benötigt werden.</p>
<p style="padding-left: 30px;">Ferner werden über den Besuch auf der Website statistische Daten im Rahmen der technischen Notwendigkeiten erhoben.</p>
<p style="padding-left: 30px;">Dies erfolgt über externe Dienste wie Google Analytics. Diese Nutzung können Sie durch entsprechende AdOns blockieren. Ferner haben Sie die Möglichkeit session-bezogene Cookies selbst in Ihrem Browser zu löschen.</p>
<p><strong>2. Speicherdauer der Informationen / Informationsweitergabe</strong></p>
<p style="padding-left: 30px;">Mitgliederdaten, sowie deren zugehörige Daten werden für die Dauer der Mitgliedschaft für die Vorstandschaft gespeichert.</p>
<p style="padding-left: 30px;">Nach Beendigung der Mitgliedschaft erfolgt die Datenhaltung ausschließlich bis zum Ablauf des Geschäftsjahres.</p>
<p style="padding-left: 30px;">Anschließend werden die personenbezogenen Daten gelöscht / vernichtet.</p>
<p style="padding-left: 30px;">Daten von Wettkämpfen (Teilnehmerlisten, erzielte Leistungen, Organisationsstatistik, Gebührenberechnungen) werden über die Software COSA-WIN gespeichert.</p>
<p style="padding-left: 30px;">Die Dauer dieser Speicherung bezieht sich auf den Ablauf des nächsten vollen Geschäftsjahres nach dem Wettkampf.</p>
<p style="padding-left: 30px;">Im Internet werden auf den Seiten der Dachverbände (BLV, LADV) &amp; Pressevertreter = Dritte, sowie auf den Seiten der LAV Naila die Wettkampfergebnisse veröffentlicht.</p>
<p style="padding-left: 30px;">Folgende Daten werden dabei an berechtigte Dritte zur Veröffentlichung übergeben:</p>
<ul>
<li>Name, Vorname</li>
<li>Geburtsjahrgang</li>
<li>sportliche Leistungen</li>
<li>Ehrungen</li>
<li>Wettkamport und –zeit</li>
<li>Fotoaufnahmen</li>
</ul>
<p style="padding-left: 30px;">Hierbei handelt es sich um berechtigtes Interesse aufgrund der Vereinstätigkeit nach Art. 6 DS-GVO.</p>
<p style="padding-left: 30px;">Seitens der LAV Naila besteht nur die direkte Möglichkeit der Einflussnahme auf die Veröffentlichungen auf der eigenen Website.</p>
<p><strong>3. Informationen über Rechte der Betroffenen</strong></p>
<p style="padding-left: 30px;">Jeder Betroffene hat gemäß Datenschutz-Grundverordnung folgende Rechte:</p>
<p style="padding-left: 30px;">&#8211; das Recht auf Auskunft (Artikel 15 DS-GVO)</p>
<p style="padding-left: 30px;">&#8211; das Recht auf Berichtigung (Art. 16 DS-GVO)</p>
<p style="padding-left: 30px;">&#8211; das Recht auf Löschung („Recht auf Vergessen werden“; Artikel 17 DS-GVO)</p>
<p style="padding-left: 30px;">&#8211; das Recht auf Einschränkung der Verarbeitung (Artikel 18 DS-GVO)</p>
<p style="padding-left: 30px;">&#8211; das Recht auf Datenübertragbarkeit (Artikel 20 DS-GVO)</p>
<p style="padding-left: 30px;">&#8211; das Widerspruchsrecht (Artikel 21 DS-GVO)</p>
<p style="padding-left: 30px;">&#8211; das Recht auf Schadensersatz (Artikel 82 DS-GVO)</p>
<p><strong><br />
4. Hinweis auf Widerrufsrecht der Einwilligung</strong></p>
<p style="padding-left: 30px;">Nach Artikel 21 DS-GVO kann jeder Betroffene seine erteilte Einwilligung auf Datenverarbeitung widerrufen.</p>
<p style="padding-left: 30px;">Davon unberührt bleiben jedoch im Rahmen gesetzlicher Verpflichtungen erhobene Daten.</p>
<p><strong><br />
5. Hinweis auf Beschwerderecht bei einer Aufsichtsbehörde</strong></p>
<p style="padding-left: 30px;">Jeder Betroffene hat ferner das Recht auf Beschwerde bei einer Aufsichtsbehörde (Artikel 77 DS-GVO)</p>
<p><strong><br />
6. Ansprechpartner / Verantwortliche:</strong></p>
<p style="padding-left: 30px;">Sollten Sie Fragen bezüglich des Datenschutzes bei der Leichtathletikvereinigung Naila (LAV NAILA) haben, so können Sie sich an folgenden Funktionen wenden:</p>
<p style="padding-left: 30px;">1. Vorstand: Helena Krofta</p>
<p style="padding-left: 30px;">Datenschutzbeauftragter: Markus Muck</p>

<p>Datenschutzrichtlinie Leichtathletikvereinigung Naila (LAV Naila) Seit dem 25. Mai 2018 ist die Datenschutz-Grundverordnung DS-GVO in der Europäischen Union in Kraft. Auch wir als Sportverein unterliegen dieser Verordnung. Nachfolgend informieren wir Sie über die bei der LAV Naila festgelegten Bedingungen im</p>
